the greatest common divisor of 16 and 71.
1
Calculate the greatest common divisor of 55 and 9647.
11
What is the greatest common factor of 7 and 15505?
7
What is the greatest common divisor of 372 and 93?
93
Calculate the highest common divisor of 92 and 8464.
92
What is the highest common factor of 72 and 328?
8
What is the greatest common divisor of 17922 and 870?
174
What is the highest common factor of 12 and 324?
12
What is the highest common divisor of 535 and 963?
107
What is the highest common divisor of 430 and 2494?
86
Calculate the greatest common factor of 172 and 268.
4
What is the highest common divisor of 462 and 385?
77
Calculate the highest common factor of 84 and 36.
12
What is the highest common factor of 80 and 1040?
80
Calculate the highest common divisor of 34 and 32164.
34
What is the highest common factor of 15 and 11415?
15
What is the greatest common factor of 1081 and 92?
23
Calculate the greatest common factor of 6488 and 24.
8
What is the greatest common divisor of 78 and 47931?
39
Calculate the highest common divisor of 308 and 36806.
154
Calculate the greatest common factor of 2010 and 1675.
335
Calculate the highest common divisor of 632 and 8.
8
Calculate the greatest common factor of 6320 and 5.
5
Calculate the highest common divisor of 25 and 1475.
25
Calculate the greatest common factor of 252 and 144.
36
What is the highest common divisor of 65 and 955?
5
What is the greatest common factor of 460 and 368?
92
Calculate the greatest common divisor of 140 and 2540.
20
What is the greatest common factor of 1898 and 146?
146
What is the greatest common divisor of 9 and 576?
9
What is the greatest common factor of 26 and 2132?
26
Calculate the greatest common divisor of 10 and 110.
10
Calculate the highest common factor of 615 and 15.
15
What is the greatest common divisor of 41 and 15?
1
What is the highest common divisor of 348 and 12?
12
What is the highest common divisor of 48 and 608?
16
Calculate the greatest common factor of 255 and 34.
17
Calculate the highest common factor of 2 and 26.
2
Calculate the greatest common factor of 8 and 336.
8
What is the highest common divisor of 153 and 68?
17
What is the highest common divisor of 75 and 1425?
75
What is the highest common divisor of 250 and 150?
50
Calculate the greatest common factor of 960 and 75.
15
Calculate the highest common divisor of 390 and 286.
26
Calculate the highest common factor of 44 and 44.
44
What is the highest common divisor of 203 and 63?
7
What is the greatest common divisor of 605 and 847?
121
What is the greatest common divisor of 1596 and 1862?
266
What is the highest common factor of 25 and 400?
25
Calculate the highest common factor of 3120 and 117.
39
What is the greatest common factor of 308 and 44?
44
What is the highest common divisor of 620 and 20?
20
What is the greatest common divisor of 335 and 134?
67
What is the highest common divisor of 177 and 944?
59
What is the greatest common factor of 33 and 561?
33
What is the greatest common factor of 27 and 1044?
9
Calculate the highest common factor of 2720 and 85.
85
What is the highest common divisor of 6070 and 10?
10
What is the highest common divisor of 297 and 264?
33
What is the highest common divisor of 64 and 52?
4
What is the highest common divisor of 9 and 5?
1
Calculate the highest common factor of 8 and 188.
4
What is the highest common divisor of 26 and 143?
13
What is the greatest common factor of 2774 and 292?
146
What is the greatest common factor of 1194 and 50546?
398
Calculate the highest common divisor of 868 and 112.
28
Calculate the greatest common divisor of 1590 and 30.
30
Calculate the highest common divisor of 7 and 2947.
7
Calculate the highest common factor of 1419 and 2451.
129
What is the greatest common factor of 4 and 1516?
4
What is the greatest common factor of 21109 and 209?
209
Calculate the greatest common divisor of 113 and 339.
113
What is the greatest common divisor of 3 and 237?
3
What is the greatest common factor of 62 and 527?
31
Calculate the greatest common divisor of 4588 and 868.
124
Calculate the greatest common factor of 48034 and 292.
146
What is the greatest common divisor of 90 and 165?
15
What is the highest common factor of 5 and 1215?
5
Calculate the highest common factor of 512 and 240.
16
Calculate the greatest common divisor of 492 and 4592.
164
Calculate the greatest common divisor of 1325 and 25.
25
What is the greatest common factor of 147610 and 10?
10
Calculate the highest common factor of 1136 and 176.
16
Calculate the highest common factor of 247 and 19.
19
Calculate the greatest common factor of 18172 and 308.
308
What is the highest common factor of 38499 and 123?
123
Calculate the highest common factor of 1017 and 576.
9
Calculate the greatest common divisor of 253 and 33.
11
Calculate the highest common factor of 12 and 48.
12
What is the highest common factor of 70 and 3610?
10
Calculate the greatest common divisor of 252 and 441.
63
What is the highest common divisor of 62 and 2077?
31
Calculate the highest common divisor of 3 and 70.
1
Calculate the highest common divisor of 3304 and 1534.
118
What is the greatest common factor of 1408 and 4?
4
Calculate the greatest common factor of 2294 and 62.
62
Calculate the highest common divisor of 10 and 35.
5
Calculate the highest common factor of 44 and 286.
22
What is the greatest common factor of 37 and 925?
37
What is the greatest common factor of 31504 and 22?
22
Calculate the greatest common divisor of 675 and 3105.
135
Calculate the greatest common factor of 66 and 4928.
22
What is the greatest common factor of 3796 and 52?
52
Calculate the highest common factor of 356 and 3026.
178
What is the highest common divisor of 1240 and 360?
40
Calculate the highest common factor of 30 and 1130.
10
What is the greatest common factor of 602 and 4?
2
What is the greatest common divisor of 65 and 30?
5
Calculate the highest common divisor of 119 and 340.
17
What is the highest common factor of 767 and 236?
59
What is the highest common divisor of 380 and 228?
76
What is the highest common divisor of 56 and 539?
7
Calculate the greatest common factor of 210 and 168.
42
Calculate the greatest common divisor of 162 and 900.
18
Calculate the greatest common divisor of 46 and 2829.
23
What is the highest common divisor of 8260 and 840?
140
What is the greatest common divisor of 738 and 1422?
18
What is the greatest common divisor of 275 and 25?
25
What is the highest common factor of 154 and 44?
22
Calculate the highest common factor of 270 and 555.
15
Calculate the highest common factor of 60 and 1620.
60
What is the highest common divisor of 72 and 96?
24
What is the highest common factor of 60 and 12?
12
What is the greatest common divisor of 2782 and 214?
214
Calculate the highest common factor of 4247 and 1096.
137
What is the highest common divisor of 4992 and 240?
48
Calculate the highest common factor of 1695 and 165.
15
What is the highest common factor of 13 and 27833?
13
What is the highest common divisor of 53 and 23797?
53
What is the highest common factor of 12 and 408?
12
What is the greatest common factor of 3272 and 16?
8
Calculate the greatest common divisor of 110 and 253.
11
What is the highest common factor of 5467 and 77?
77
What is the highest common divisor of 250 and 10250?
250
What is the greatest common factor of 18 and 4?
2
Calculate the highest common factor of 3 and 4.
1
Calculate the highest common divisor of 68 and 4.
4
What is the greatest common factor of 128 and 160?
32
What is the highest common divisor of 2 and 1662?
2
What is the highest common factor of 25 and 475?
25
Calculate the greatest common factor of 140 and 196.
28
Calculate the greatest common divisor of 205 and 45.
5
Calculate the highest common factor of 13 and 3809.
13
Calculate the greatest common divisor of 342 and 90.
18
What is the greatest common divisor of 34 and 2125?
17
Calculate the greatest common divisor of 27 and 7317.
27
What is the highest common factor of 700 and 84?
28
What is the highest common factor of 286 and 13?
13
Calculate the greatest common factor of 1526 and 14.
14
Calculate the highest common factor of 2261 and 357.
119
Calculate the highe